{"id":46,"date":"2012-12-08T13:50:14","date_gmt":"2012-12-08T13:50:14","guid":{"rendered":"http:\/\/epona-marketing.de\/?page_id=46"},"modified":"2023-08-22T16:11:41","modified_gmt":"2023-08-22T16:11:41","slug":"cooparation","status":"publish","type":"page","link":"https:\/\/epona-marketing.de\/?page_id=46","title":{"rendered":"Angebot"},"content":{"rendered":"\n<div class=\"wp-block-image\"><figure class=\"aligncenter size-large\"><img loading=\"lazy\" decoding=\"async\" width=\"731\" height=\"509\" src=\"https:\/\/epona-marketing.de\/wp-content\/uploads\/2023\/08\/MuschelUSP.png\" alt=\"\" class=\"wp-image-1459\" srcset=\"https:\/\/epona-marketing.de\/wp-content\/uploads\/2023\/08\/MuschelUSP.png 731w, https:\/\/epona-marketing.de\/wp-content\/uploads\/2023\/08\/MuschelUSP-300x209.png 300w\" sizes=\"auto, (max-width: 731px) 100vw, 731px\" \/><\/figure><\/div>\n\n\n\n<h2 class=\"wp-block-heading\">Online Workshop f\u00fcr Ihre Marke: authentischer USP (Unique Selling Proposition) und eigene Logoentwicklung<\/h2>\n\n\n\n<p>Was ist das Besondere und Einzigartige, dass Sie anbieten und welchen Nutzen haben Ihre Interessenten, wenn sie Ihre Dienstleistung buchen oder ein Produkt von Ihnen erwerben? Wir gehen in einen inneren Prozess zum Kern Ihrer Einzigartigkeit. Was kommt aus Ihrem tiefsten Inneren. Wir lassen alten Ballast los und holen das noch Unbekannte ans Tageslicht, das was Energie hat und auf Ressonanz im K\u00f6rper trifft. Am Ende des Workshops k\u00f6nnen Sie mit ihrem authentischen Logo und USP ihrer Zielgruppe einen Mehrwert bieten, der unverwechselbar Ihrer Natur entspricht.<\/p>\n\n\n\n<p><strong>Der Workshop besteht aus 3 Zoom-Sitzungen \u00e0 ca. 3 Stunden und verl\u00e4uft \u00fcber 3 Wochen.<\/strong> Die Gruppen bestehen aus 2-8 Teilnehmer:innen.<\/p>\n\n\n\n<div class=\"wp-block-button aligncenter\"><a class=\"wp-block-button__link has-background\" href=\"https:\/\/epona-marketing.de\/?page_id=12\" style=\"background-color:#ee9037\">unverbindliche Anfrage starten<\/a><\/div>\n\n\n\n<hr class=\"wp-block-separator is-style-wide\"\/>\n\n\n<h2>Paket- oder individuelles Angebot?<\/h2>\n<p>Passt eines der unten stehenden Pakete oder w\u00fcnschen Sie ein individuelles Angebot?<\/p>\n<p>Alle gestalterischen Neuentwicklungen sind inklusive 3 Gestaltungsvarianten und 3 Korrekturl\u00e4ufen. <strong>*<\/strong> Alle Preise zuz\u00fcglich gesetztliche Mehrwertsteuer.<\/p>\n<div class=\"one_third\"><div class=\"custom \" style=\"background:-moz-linear-gradient(center top , #FFFFFF, #f9bd70) repeat scroll 0 0 transparent;\n\t\t\t\t\t\t   background: -webkit-gradient(linear, center top, center bottom, from(#FFFFFF), to(#f9bd70));\n\t\t\t\t\t\t   background: -o-linear-gradient(top, #FFFFFF 0%,#f9bd70 99%); \/* Opera 11.10+ *\/\n\t\t\t\t\t\t   background: -ms-linear-gradient(top, #FFFFFF 0%,#f9bd70 99%); \/* IE10+ *\/\n\t\t\t\t\t\t   margin-left:0 !important;\n\t\t\t\t\t\t   margin-right:0 !important;\n\t\t\t\t\t\t   border:1px solid #BBBBBB;\n\t\t\t\t\t\t   background-color: #f9bd70;\n\t\t\t\t\t\t   width:100%;\n\t\t\t\t\t\t   color:#333333;\"><div class=\"inner-padding\">\n<div style=\"text-align: center;\">\n<h4 style=\"margin-bottom: 5px;\"><span style=\"font-size: 30px; color: #ab331b;\">Basic Package<\/span><\/h4>\n<h5 style=\"margin-bottom: 5px;\"><span style=\"color: #ab331b;\"><span style=\"font-size: 24px;\">\u20ac 999,00 <\/span><span style=\"font-size: 14px;\">*<\/span><\/span><\/h5>\n<\/div>\n\n<ul class=\"list-2\">\n<li>Logo<\/li>\n<li>Visitenkarte + Druck 100 St\u00fcck (4\/0-farbig, 300g Papier)<\/li>\n<li>Flyer Din lang (offen DIN A 4) + Druck 250 St\u00fcck (4\/4-farbig, 135 g Papier)<\/li>\n<li>Strategiekonzept inkl. Kostenauflistung f\u00fcr erg\u00e4nzende Werbeaktivit\u00e4ten<\/li>\n<\/ul>\n\n<div style=\"text-align: center;\">&nbsp;<\/div>\n<\/div><\/div><\/div> <div class=\"one_third\"><div class=\"custom \" style=\"background:-moz-linear-gradient(center top , #FFFFFF, #f9a438) repeat scroll 0 0 transparent;\n\t\t\t\t\t\t   background: -webkit-gradient(linear, center top, center bottom, from(#FFFFFF), to(#f9a438));\n\t\t\t\t\t\t   background: -o-linear-gradient(top, #FFFFFF 0%,#f9a438 99%); \/* Opera 11.10+ *\/\n\t\t\t\t\t\t   background: -ms-linear-gradient(top, #FFFFFF 0%,#f9a438 99%); \/* IE10+ *\/\n\t\t\t\t\t\t   margin-left:0 !important;\n\t\t\t\t\t\t   margin-right:0 !important;\n\t\t\t\t\t\t   border:1px solid #BBBBBB;\n\t\t\t\t\t\t   background-color: #f9a438;\n\t\t\t\t\t\t   width:100%;\n\t\t\t\t\t\t   color:#333333;\"><div class=\"inner-padding\">\n<div style=\"text-align: center;\">\n<h4 style=\"margin-bottom: 5px;\"><span style=\"font-size: 30px; color: #ab331b;\">Active Package<\/span><\/h4>\n<h5 style=\"margin-bottom: 5px;\"><span style=\"color: #ab331b;\"><span style=\"font-size: 24px;\">\u20ac 2.900 <\/span><span style=\"font-size: 14px;\">*<\/span><\/span><\/h5>\n<\/div>\n\n<ul class=\"list-2\">\n<li>Logo<\/li>\n<li>Visitenkarte + Druck 100 St\u00fcck (4\/0-farbig, 300g Papier)<\/li>\n<li>Flyer Din lang (offen DIN A 4) + Druck 250 St\u00fcck (4\/4-farbig, 135 g Papier)<\/li>\n<li>Internetseite: 5 Seiten, z.B.: home, \u00dcber mich, Produkte, Leistung, Kontakt, Impressum, exkl. Kauf Domain\/Publishing-System<\/li>\n<li>Online Workshop zur sp\u00e4teren Anpassung von Texten und Bildern<\/li>\n<li>Strategiekonzept mit Kostenauflistung f\u00fcr erg\u00e4nzende Werbeaktivit\u00e4ten<\/li>\n<\/ul>\n\n<div style=\"text-align: center;\">&nbsp;<\/div>\n<\/div><\/div><\/div> <div class=\"one_third last_column\"><div class=\"custom \" style=\"background:-moz-linear-gradient(center top , #FFFFFF, #fa8e03) repeat scroll 0 0 transparent;\n\t\t\t\t\t\t   background: -webkit-gradient(linear, center top, center bottom, from(#FFFFFF), to(#fa8e03));\n\t\t\t\t\t\t   background: -o-linear-gradient(top, #FFFFFF 0%,#fa8e03 99%); \/* Opera 11.10+ *\/\n\t\t\t\t\t\t   background: -ms-linear-gradient(top, #FFFFFF 0%,#fa8e03 99%); \/* IE10+ *\/\n\t\t\t\t\t\t   margin-left:0 !important;\n\t\t\t\t\t\t   margin-right:0 !important;\n\t\t\t\t\t\t   border:1px solid #BBBBBB;\n\t\t\t\t\t\t   background-color: #fa8e03;\n\t\t\t\t\t\t   width:100%;\n\t\t\t\t\t\t   color:#333333;\"><div class=\"inner-padding\">\n<div style=\"text-align: center;\">\n<h4 style=\"margin-bottom: 5px;\"><span style=\"font-size: 30px; color: #ab331b;\">Energy Package<\/span><\/h4>\n<h5 style=\"margin-bottom: 5px;\"><span style=\"font-size: 24px; color: #ab331b;\">\u20ac 4.900,00 <\/span><span style=\"font-size: 14px; color: #e00000;\">*<\/span><\/h5>\n<\/div>\n\n\n<ul class=\"list-2\">\n<li>Logo<\/li>\n<li>Visitenkarte + Druck 100 St\u00fcck (4\/0-farbig, 300g Papier)<\/li>\n<li>Flyer Din lang (offen DIN A 4) + Druck 250 St\u00fcck (4\/4-farbig, 135 g Papier)<\/li>\n<li>Internetseite: 10 Seiten, z.B.: home, \u00dcber mich, Produkte (mit Unterseiten), Leistung, Kontakt, Impressum, exkl. Kauf Domain\/Publishing-System<\/li>\n<li>Online Workshop zur sp\u00e4teren Anpassung von Texten und Bildern<\/li>\n<li>Social Media: 1 Seite z.B. facebook, twitter, Insargram usw.<\/li>\n<li>Strategiekonzept mit Kostenauflistung f\u00fcr erg\u00e4nzende Werbeaktivit\u00e4ten<\/li>\n<\/ul>\n\n<div style=\"text-align: center;\">&nbsp;<\/div>\n<\/div><\/div><\/div>\n<h4><a href=\"http:\/\/epona-marketing.de\/?attachment_id=709\" rel=\"attachment wp-att-709\"><img loading=\"lazy\" decoding=\"async\" class=\"alignleft size-medium wp-image-709\" src=\"http:\/\/epona-marketing.de\/wp-content\/uploads\/2012\/12\/Steckenpferd21-294x300.png\" alt=\"Steckenpferd2\" width=\"95\" height=\"97\" srcset=\"https:\/\/epona-marketing.de\/wp-content\/uploads\/2012\/12\/Steckenpferd21-294x300.png 294w, https:\/\/epona-marketing.de\/wp-content\/uploads\/2012\/12\/Steckenpferd21.png 318w\" sizes=\"auto, (max-width: 95px) 100vw, 95px\" \/><\/a><\/h4>\n<h4>&nbsp;<\/h4>\n<h4>EponaQuest Instruktoren: F\u00fcr Spezial-Tarife nehmt bitte einfach Kontakt auf.<\/h4>\n<address>&nbsp;<\/address>\n<p><\/p>","protected":false},"excerpt":{"rendered":"<p>Online Workshop f\u00fcr Ihre Marke: authentischer USP (Unique Selling Proposition) und eigene Logoentwicklung Was ist das Besondere und Einzigartige, dass Sie anbieten und welchen Nutzen haben Ihre Interessenten, wenn sie Ihre Dienstleistung buchen oder ein Produkt von Ihnen erwerben? Wir gehen in einen inneren Prozess zum Kern<\/p>\n","protected":false},"author":1,"featured_media":0,"parent":0,"menu_order":0,"comment_status":"open","ping_status":"open","template":"page-FullWidth.php","meta":{"footnotes":""},"class_list":["post-46","page","type-page","status-publish","hentry"],"_links":{"self":[{"href":"https:\/\/epona-marketing.de\/index.php?rest_route=\/wp\/v2\/pages\/46","targetHints":{"allow":["GET"]}}],"collection":[{"href":"https:\/\/epona-marketing.de\/index.php?rest_route=\/wp\/v2\/pages"}],"about":[{"href":"https:\/\/epona-marketing.de\/index.php?rest_route=\/wp\/v2\/types\/page"}],"author":[{"embeddable":true,"href":"https:\/\/epona-marketing.de\/index.php?rest_route=\/wp\/v2\/users\/1"}],"replies":[{"embeddable":true,"href":"https:\/\/epona-marketing.de\/index.php?rest_route=%2Fwp%2Fv2%2Fcomments&post=46"}],"version-history":[{"count":80,"href":"https:\/\/epona-marketing.de\/index.php?rest_route=\/wp\/v2\/pages\/46\/revisions"}],"predecessor-version":[{"id":1479,"href":"https:\/\/epona-marketing.de\/index.php?rest_route=\/wp\/v2\/pages\/46\/revisions\/1479"}],"wp:attachment":[{"href":"https:\/\/epona-marketing.de\/index.php?rest_route=%2Fwp%2Fv2%2Fmedia&parent=46"}],"curies":[{"name":"wp","href":"https:\/\/api.w.org\/{rel}","templated":true}]}}