{"id":1029,"date":"2016-04-06T12:58:12","date_gmt":"2016-04-06T12:58:12","guid":{"rendered":"http:\/\/epona-marketing.de\/?page_id=1029"},"modified":"2018-03-12T11:13:04","modified_gmt":"2018-03-12T11:13:04","slug":"beschilderung-indooroutdoor","status":"publish","type":"page","link":"https:\/\/epona-marketing.de\/?page_id=1029","title":{"rendered":"Beschilderung indoor\/outdoor"},"content":{"rendered":"<h4>Beschilderungen mit Pictogramm-Entwicklung f\u00fcr den Innen- und Aussenbereich (Vectordaten)<\/h4>\n<p>Beispiele von den Sana Kliniken Duisburg: Sta\u00dfenschilder, Leuchhts\u00e4ulen, Betonfassade, Aufzugschilder und Beschilderung auf der Anlage im Aussenbereuch<\/p>\n<div class=\"custom-frame-wrapper alignleft frame-shadow\"><div class=\"custom-frame-inner-wrapper\"><div class=\"custom-frame-padding\"><a href=\"http:\/\/epona-marketing.de\/?attachment_id=988\" rel=\"attachment wp-att-988\"><img loading=\"lazy\" decoding=\"async\" class=\" size-medium wp-image-988\" src=\"http:\/\/epona-marketing.de\/wp-content\/uploads\/2012\/12\/Sana_Schild1-250x300.jpg\" alt=\"Sana_Schild\" width=\"141\" height=\"170\" srcset=\"https:\/\/epona-marketing.de\/wp-content\/uploads\/2012\/12\/Sana_Schild1-250x300.jpg 250w, https:\/\/epona-marketing.de\/wp-content\/uploads\/2012\/12\/Sana_Schild1.jpg 567w\" sizes=\"auto, (max-width: 141px) 100vw, 141px\" \/><\/a><\/div><\/div><\/div>\n<div class=\"custom-frame-wrapper alignleft frame-shadow\"><div class=\"custom-frame-inner-wrapper\"><div class=\"custom-frame-padding\"><a href=\"http:\/\/epona-marketing.de\/?attachment_id=989\" rel=\"attachment wp-att-989\"><img loading=\"lazy\" decoding=\"async\" class=\" size-medium wp-image-989\" src=\"http:\/\/epona-marketing.de\/wp-content\/uploads\/2012\/12\/Sana_Schild241-239x300.jpg\" alt=\"Sana_Schild24\" width=\"134\" height=\"169\" srcset=\"https:\/\/epona-marketing.de\/wp-content\/uploads\/2012\/12\/Sana_Schild241-239x300.jpg 239w, https:\/\/epona-marketing.de\/wp-content\/uploads\/2012\/12\/Sana_Schild241.jpg 567w\" sizes=\"auto, (max-width: 134px) 100vw, 134px\" \/><\/a><\/div><\/div><\/div>\n<div class=\"custom-frame-wrapper alignleft frame-shadow\"><div class=\"custom-frame-inner-wrapper\"><div class=\"custom-frame-padding\"><a href=\"http:\/\/epona-marketing.de\/?attachment_id=1030\" rel=\"attachment wp-att-1030\"><img loading=\"lazy\" decoding=\"async\" class=\" size-medium wp-image-1030\" src=\"http:\/\/epona-marketing.de\/wp-content\/uploads\/2016\/04\/Sana_Beschilderung_aussen-101x300.jpg\" alt=\"Sana_Beschilderung_aussen\" width=\"57\" height=\"170\" srcset=\"https:\/\/epona-marketing.de\/wp-content\/uploads\/2016\/04\/Sana_Beschilderung_aussen-101x300.jpg 101w, https:\/\/epona-marketing.de\/wp-content\/uploads\/2016\/04\/Sana_Beschilderung_aussen-344x1024.jpg 344w, https:\/\/epona-marketing.de\/wp-content\/uploads\/2016\/04\/Sana_Beschilderung_aussen.jpg 567w\" sizes=\"auto, (max-width: 57px) 100vw, 57px\" \/><\/a><\/div><\/div><\/div>\n<div class=\"custom-frame-wrapper alignleft frame-shadow\"><div class=\"custom-frame-inner-wrapper\"><div class=\"custom-frame-padding\"><a href=\"http:\/\/epona-marketing.de\/?attachment_id=1031\" rel=\"attachment wp-att-1031\"><img loading=\"lazy\" decoding=\"async\" class=\" size-medium wp-image-1031\" src=\"http:\/\/epona-marketing.de\/wp-content\/uploads\/2016\/04\/Sana-Leuchtkaesten-126x300.jpg\" alt=\"Sana-Leuchtkaesten\" width=\"71\" height=\"170\" srcset=\"https:\/\/epona-marketing.de\/wp-content\/uploads\/2016\/04\/Sana-Leuchtkaesten-126x300.jpg 126w, https:\/\/epona-marketing.de\/wp-content\/uploads\/2016\/04\/Sana-Leuchtkaesten-431x1024.jpg 431w, https:\/\/epona-marketing.de\/wp-content\/uploads\/2016\/04\/Sana-Leuchtkaesten.jpg 567w\" sizes=\"auto, (max-width: 71px) 100vw, 71px\" \/><\/a><\/div><\/div><\/div>\n<div class=\"custom-frame-wrapper alignleft frame-shadow\"><div class=\"custom-frame-inner-wrapper\"><div class=\"custom-frame-padding\"><a href=\"http:\/\/epona-marketing.de\/?attachment_id=1032\" rel=\"attachment wp-att-1032\"><img loading=\"lazy\" decoding=\"async\" class=\" size-medium wp-image-1032\" src=\"http:\/\/epona-marketing.de\/wp-content\/uploads\/2016\/04\/Sana-Betonbruestung-300x207.jpg\" alt=\"Sana Betonbruestung\" width=\"244\" height=\"173\" \/><\/a><\/div><\/div><\/div>\n<p>&nbsp;<\/p>\n<p>&nbsp;<\/p>\n<p>&nbsp;<\/p>\n<p>&nbsp;<\/p>\n<p>&nbsp;<\/p>\n<p>&nbsp;<\/p>\n<p>&nbsp;<\/p>\n<div class=\"custom-frame-wrapper alignleft frame-shadow\"><div class=\"custom-frame-inner-wrapper\"><div class=\"custom-frame-padding\"><a href=\"http:\/\/epona-marketing.de\/?attachment_id=1033\" rel=\"attachment wp-att-1033\"><img loading=\"lazy\" decoding=\"async\" class=\" size-medium wp-image-1033\" src=\"http:\/\/epona-marketing.de\/wp-content\/uploads\/2016\/04\/Sana_Etagenschilder-212x300.jpg\" alt=\"Sana_Etagenschilder\" width=\"119\" height=\"169\" srcset=\"https:\/\/epona-marketing.de\/wp-content\/uploads\/2016\/04\/Sana_Etagenschilder-212x300.jpg 212w, https:\/\/epona-marketing.de\/wp-content\/uploads\/2016\/04\/Sana_Etagenschilder.jpg 567w\" sizes=\"auto, (max-width: 119px) 100vw, 119px\" \/><\/a><\/div><\/div><\/div><div class=\"custom-frame-wrapper alignleft frame-shadow\"><div class=\"custom-frame-inner-wrapper\"><div class=\"custom-frame-padding\"><a href=\"http:\/\/epona-marketing.de\/?attachment_id=1034\" rel=\"attachment wp-att-1034\"><img loading=\"lazy\" decoding=\"async\" class=\" size-medium wp-image-1034\" src=\"http:\/\/epona-marketing.de\/wp-content\/uploads\/2016\/04\/Sana-Sonderchilder-300x212.jpg\" alt=\"Sana Sonderchilder\" width=\"192\" height=\"136\" srcset=\"https:\/\/epona-marketing.de\/wp-content\/uploads\/2016\/04\/Sana-Sonderchilder-300x212.jpg 300w, https:\/\/epona-marketing.de\/wp-content\/uploads\/2016\/04\/Sana-Sonderchilder.jpg 567w\" sizes=\"auto, (max-width: 192px) 100vw, 192px\" \/><\/a><\/div><\/div><\/div>\n<div class=\"custom-frame-wrapper alignleft frame-shadow\"><div class=\"custom-frame-inner-wrapper\"><div class=\"custom-frame-padding\"><a href=\"http:\/\/epona-marketing.de\/?attachment_id=1047\" rel=\"attachment wp-att-1047\"><img loading=\"lazy\" decoding=\"async\" class=\" size-medium wp-image-1047\" src=\"http:\/\/epona-marketing.de\/wp-content\/uploads\/2016\/04\/Sana_Etagenschilder1-213x300.jpg\" alt=\"Sana_Etagenschilder1\" width=\"120\" height=\"170\" srcset=\"https:\/\/epona-marketing.de\/wp-content\/uploads\/2016\/04\/Sana_Etagenschilder1-213x300.jpg 213w, https:\/\/epona-marketing.de\/wp-content\/uploads\/2016\/04\/Sana_Etagenschilder1-728x1024.jpg 728w, https:\/\/epona-marketing.de\/wp-content\/uploads\/2016\/04\/Sana_Etagenschilder1.jpg 1789w\" sizes=\"auto, (max-width: 120px) 100vw, 120px\" \/><\/a><\/div><\/div><\/div>\n<div class=\"custom-frame-wrapper alignleft frame-shadow\"><div class=\"custom-frame-inner-wrapper\"><div class=\"custom-frame-padding\"><a href=\"http:\/\/epona-marketing.de\/?attachment_id=987\" rel=\"attachment wp-att-987\"><img loading=\"lazy\" decoding=\"async\" class=\" size-medium wp-image-987\" src=\"http:\/\/epona-marketing.de\/wp-content\/uploads\/2012\/12\/Sana_Schiff-300x180.jpg\" alt=\"Sana_Schiff\" width=\"267\" height=\"160\" srcset=\"https:\/\/epona-marketing.de\/wp-content\/uploads\/2012\/12\/Sana_Schiff-300x180.jpg 300w, https:\/\/epona-marketing.de\/wp-content\/uploads\/2012\/12\/Sana_Schiff.jpg 567w\" sizes=\"auto, (max-width: 267px) 100vw, 267px\" \/><\/a><\/div><\/div><\/div>\n<p>&nbsp;<\/p>\n<p>&nbsp;<\/p>\n<p>&nbsp;<\/p>\n<p>&nbsp;<\/p>\n","protected":false},"excerpt":{"rendered":"<p>Beschilderungen mit Pictogramm-Entwicklung f\u00fcr den Innen- und Aussenbereich (Vectordaten) Beispiele von den Sana Kliniken Duisburg: Sta\u00dfenschilder, Leuchhts\u00e4ulen, Betonfassade, Aufzugschilder und Beschilderung auf der Anlage im Aussenbereuch &nbsp; &nbsp; &nbsp; &nbsp; &nbsp; &nbsp; &nbsp; &nbsp; &nbsp; &nbsp; &nbsp;<\/p>\n","protected":false},"author":1,"featured_media":0,"parent":0,"menu_order":0,"comment_status":"open","ping_status":"open","template":"page-FullWidth.php","meta":{"footnotes":""},"class_list":["post-1029","page","type-page","status-publish","hentry"],"_links":{"self":[{"href":"https:\/\/epona-marketing.de\/index.php?rest_route=\/wp\/v2\/pages\/1029","targetHints":{"allow":["GET"]}}],"collection":[{"href":"https:\/\/epona-marketing.de\/index.php?rest_route=\/wp\/v2\/pages"}],"about":[{"href":"https:\/\/epona-marketing.de\/index.php?rest_route=\/wp\/v2\/types\/page"}],"author":[{"embeddable":true,"href":"https:\/\/epona-marketing.de\/index.php?rest_route=\/wp\/v2\/users\/1"}],"replies":[{"embeddable":true,"href":"https:\/\/epona-marketing.de\/index.php?rest_route=%2Fwp%2Fv2%2Fcomments&post=1029"}],"version-history":[{"count":28,"href":"https:\/\/epona-marketing.de\/index.php?rest_route=\/wp\/v2\/pages\/1029\/revisions"}],"predecessor-version":[{"id":1170,"href":"https:\/\/epona-marketing.de\/index.php?rest_route=\/wp\/v2\/pages\/1029\/revisions\/1170"}],"wp:attachment":[{"href":"https:\/\/epona-marketing.de\/index.php?rest_route=%2Fwp%2Fv2%2Fmedia&parent=1029"}],"curies":[{"name":"wp","href":"https:\/\/api.w.org\/{rel}","templated":true}]}}